ors of i?
2, 3, 5, 23
Let n = 3631 - 1583. What are the prime factors of n?
2
Let g be (-2 - -33) + (-4)/20*-5. List the prime factors of 4680/g*(-48)/(-9).
2, 3, 5, 13
What are the prime factors of 29 + 12154 - (-3 + 1)?
5, 2437
Suppose 4*h = h - 5*p - 25, -1 = -p. Let m(b) = -22*b - 45. List the prime factors of m(h).
5, 7
Let r = 8919 - -5201. List the prime factors of r.
2, 5, 353
Let k = 13211 - -3068. What are the prime factors of k?
73, 223
Suppose 4*r - 22 = p - 3*p, 5*r - 3*p = 33. Suppose -r*h + 1608 + 252 = 0. Let s = h - 108. List the prime factors of s.
2, 101
Suppose 39*k + 53*k + 36*k - 1642624 = 0. What are the prime factors of k?
41, 313
Suppose -s + 6*s = -2*j + 145, -4*j = -2*s + 82. Let m = s - 35. What are the prime factors of (2 + m - -57)/(1 + 0)?
5, 11
Let f = -325 - -327. List the prime factors of (-1 - 36/(-20))/(f/635).
2, 127
Let z = -126 - -136. Suppose 3*i + z*i - 3952 = 0. List the prime factors of i.
2, 19
Suppose -4*g = 28, -a + 2*g = -8500 - 22143. List the prime factors of a.
109, 281
Let z = -106 - -110. Suppose -z*n = 3*c + 6, 2*n = -c + 2*c + 2. Suppose 1200 = 5*j - 5*a, 3*j + 0*a + 2*a - 720 = n. What are the prime factors of j?
2, 3, 5
Let z(y) be the third derivative of y**5/12 - y**4/2 + 4*y**3/3 + 2*y**2 + 19. What are the prime factors of z(9)?
5, 61
List the prime factors of (33 - (-1512)/(-48)) + (-7898)/(-4).
2, 13, 19
Suppose -16 = 4*q, 4*b + 3*q - q = 8. Let p be (-9)/2*(-4)/3 - b. Suppose -p*y + 0*t = 2*t - 82, -5*t = -10. List the prime factors of y.
3, 13
Suppose 21*k - 28968 = 82164. What are the prime factors of k?
2, 3, 7
Suppose -10*l = -18 - 2. Suppose 0 = -8*p + 4*p + l*o + 236, 56 = p - 2*o. What are the prime factors of p?
2, 3, 5
Suppose -144338 = -5*w - 2*v, 7*w + v = 12*w - 144326. List the prime factors of w.
2, 3, 17, 283
Suppose 4*a = 3*a - 156. Let j be 148/(-8)*4/(-2). Let w = j - a. What are the prime factors of w?
193
Let a = 14385 + -5584. List the prime factors of a.
13, 677
Let m(t) = -311*t - 261. Let i be m(-9). Suppose -26*d = d - i. What are the prime factors of d?
2, 47
Suppose -20*v + 334908 = 88*v. What are the prime factors of v?
7, 443
Let p(f) = -22*f**3 + 6*f**2 - 2*f + 26. Let w be p(6). What are the prime factors of 14/(-21) + w/(-6)?
3, 251
Let w = -2280 + 3721. List the prime factors of w.
11, 131
Suppose 0 = 2*f + 3*r - 15601, 326*f - 3*r = 327*f - 7793. List the prime factors of f.
2, 61
Let g(s) be the second derivative of s**3/3 + 37*s**2/2 - 2*s. Let m be g(-17). Suppose -3*y - m*o = -258, y + 2*o = -0*o + 91. List the prime factors of y.
3
Suppose 0*q + 658 = 2*q. Let p(w) = -w**3 - w**2 + 7*w + 6. Let f be p(-3). Suppose -m = 2*h + m - 134, -5*h = f*m - q. What are the prime factors of h?
2
Let p(l) be the first derivative of 23*l**2 + 9*l + 0*l - 9*l + 41 - 4*l. What are the prime factors of p(2)?
2, 11
Let n = 16424 + 8375. What are the prime factors of n?
24799
Let h = 23217 + -7603. List the prime factors of h.
2, 37, 211
Suppose z = 4*z + 2*l + 2, 3*z - 4*l = 4. Suppose 14*b - 10*b - 1224 = z. Suppose -i - b = -4*i. List the prime factors of i.
2, 3, 17
Suppose 55*c + 163*c - 67*c - 4870203 = 0. What are the prime factors of c?
3, 13, 827
Suppose h - 4*l = 5754, 4*h = l - 3*l + 23088. List the prime factors of h.
2, 5, 577
Let l = 452 + -132. What are the prime factors of l?
2, 5
Let b be (0 - 0)/1 - 0. Suppose b = 8*d - 22*d + 1260. What are the prime factors of d?
2, 3, 5
Let c(r) = r**3 - 13*r**2 - 9*r - 2. Let n be c(14). Let t = -66 + n. Suppose -t*d = -6*d + 408. What are the prime factors of d?
2, 3, 17
Let s(d) = 2*d - 15. Let k be s(0). Let y(o) = 2*o + 33. Let x be y(k). Suppose -x*b + 16 = -32. What are the prime factors of b?
2
Let u(j) = -j**3 - 11*j**2 - 10*j + 5. Let f be u(-10). Suppose -f*q = -7*q + 8. Suppose q*n = -0*n - i + 95, 2*n - 75 = 5*i. List the prime factors of n.
5
Let m(d) = -d**2 + 2*d - 6. Let w be m(10). Let i = w + 88. What are the prime factors of ((10/5)/(-8))/(i/(-104))?
13
Let f = -36 + 39. Let h(i) = f - 14 - 21 - 8*i - 2. List the prime factors of h(-10).
2, 23
Suppose -189561 = -120*z + 631839. List the prime factors of z.
5, 37
Let n(b) = -79*b**3 + 3*b**2 - 6*b - 6. Let o be n(-3). Suppose 2*u - o = -658. List the prime factors of u.
757
Suppose -22 = -8*k - 3*k. Let r = k - 4. Let p(j) = 27*j**2 + 3. List the prime factors of p(r).
3, 37
Suppose 4*b + 20 = 4*q, 4*q + 2*b = -2*b - 12. Let y be (-6 + (-12)/6)/(-3 + q). List the prime factors of (1 - (y + -221)) + -2.
2, 3
Let o(u) = u + 1774. What are the prime factors of o(-6)?
2, 13, 17
Let h be 12/(-48) - (0 - 2/8). Suppose h = -28*p + 23*p + 125. List the prime factors of p.
5
Let z be 2*(-3 - 81/18). What are the prime factors of 15*((-12)/(-30) - 468/z)?
2, 3, 79
Let i = 788 - -6323. What are the prime factors of i?
13, 547
Let u = -336 + -335. Let z = 239 - u. Suppose 1185 = 4*q - y, 3*q + z = 6*q - 5*y. List the prime factors of q.
5, 59
Suppose 8*r - g = 11*r + 26, 5*r - 2*g + 25 = 0. What are the prime factors of r/((-14)/578) + -6?
283
Let n be 2*(-1)/5 - 11574/(-10). Let j = n - 604. What are the prime factors of j?
7, 79
Suppose 132*i + 59150 = 142*i. List the prime factors of i.
5, 7, 13
Suppose u = -10*p + 6*p + 19, 5*p - 5*u = 5. Suppose h = -5*f + p*h + 1694, 0 = 5*f - h - 1698. List the prime factors of f.
2, 5, 17
Let z(w) be the third derivative of 55*w**4/24 - 52*w**3/3 + 151*w**2. List the prime factors of z(16).
2, 97
List the prime factors of (-4 + -17252)*(8 + (-119)/14).
2, 3, 719
Let u = -5 - -8. Let a(q) = -9*q + 89. Let p be a(-16). Suppose 3*n + 5*r = p, 4*r + 103 = n - u. List the prime factors of n.
2, 43
Let n = 23415 - 9288. What are the prime factors of n?
3, 17, 277
Let j(t) be the second derivative of -9*t**2 - 15*t + 5/12*t**4 + 0 - t**3. List the prime factors of j(-4).
2, 43
Let m(c) = 5*c - 26. Let f be m(6). Suppose -3*t + f*t + k - 174 = 0, 162 = t - 3*k. List the prime factors of t.
3, 19
What are the prime factors of (-287540)/(-36) - ((-15)/27)/(20/(-8))?
7, 163
Suppose 508115 = 10*d + 17*d + 55163. What are the prime factors of d?
2, 3, 233
Let l = 2160 + -1892. Let w(c) = 3*c - 4. Let t be w(3). Suppose -4*j + l = -2*f, t*j - 270 = -2*f + 83. What are the prime factors of j?
3, 23
Let z(c) = 68*c**2 + 3*c - 320. List the prime factors of z(-16).
2, 3, 5, 71
Suppose -46*b + 36572 = 4*b - 509478. What are the prime factors of b?
67, 163
Suppose 0 = -b + 5*b - 16. Suppose -90 + 66 = -b*q. Suppose -q*u + 6 = -600. List the prime factors of u.
101
Suppose -8*u + 2*u + 218621 = 7*u. List the prime factors of u.
67, 251
Let v = 85398 - 47910. What are the prime factors of v?
2, 3, 11, 71
Suppose 23*s = 17*s - 1002. Let w = 176 + s. What are the prime factors of w?
3
Suppose -8*g = -4513 - 12807. Suppose 5*b = 4*b + 5*m + 695, -g = -3*b - 5*m. List the prime factors of b.
5, 11, 13
Suppose 9*d + 4412 + 538 = 0. Let p(a) = 31*a**2 + a - 4. Let x be p(5). Let n = d + x. What are the prime factors of n?
2, 113
Let b = 52 + -89. Let c = 260 + b. What are the prime factors of c?
223
Suppose 20 + 37 = v. Let h = 94 - v. Let s = 125 + h. List the prime factors of s.
2, 3
Let j = -4925 + 4944. Let s be -2 + (-4)/(-2) + 0. Suppose -12*c + j*c - 1449 = s. List the prime factors of c.
3, 23
Let c be 7 - 4 - (3 - -2). Let y be (c/(-2))/(-4 - (-210)/54). What are the prime factors of ((-15)/(-2))/(y/(-132))?
2, 5, 11
Let f(m) = 12*m**2 + 28*m + 211. Let q be f(-10). Suppose -1131 = -3*u + 5*w, -5*w + q = -7*u + 10*u. What are the prime factors of u?
13, 29
Let x be (-9 + 7)*((-3)/6 - 0). Let u(w) = 15 + 555*w**2 - x + 3*w - 554*w**2 + 13. List the prime factors of u(15).
3, 11
Let f(t) = -t**2 - 20*t + 21. Let k be f(-21). Suppose k = 12*x + 2637 - 11493. List the prime factors of x.
2, 3, 41
Suppose -8*y - 88 + 104 = 0. Suppose -3*t = -y*i + 3*i - 112, 0 = -3*i - t + 312. What are the prime factors of i?
103
Suppose -741*u - 612 = -744*u. Suppose 0*a = -a - 104. Let z = u + a. List the prime factors of z.
2, 5
Let m(i) = -53*i - 25. Let y be m(6). Let p = y - -484. Suppose -x + p = 11. What are the prime factors of x?
2, 5, 13
Suppose 3*r + y - 5002 = -4*y, 4*r = 5*y + 6681. What are the prime factors of r?
1669
Let m(b) 